ided by 34.
33
Let g(i) = 2*i**3 + 4*i**2 + 33*i + 4. Let k be g(-7). Let p = k + 725. What is the remainder when 34 is divided by p?
2
Let m be 2 + 2/1 - 17 - 2. Suppose -4*x = -3*f + 140, -2*f = 3*x + f + 84. Let k = m - x. Calculate the remainder when 64 is divided by k.
13
Suppose 186 = 101*s - 1228. What is the remainder when 59 is divided by s?
3
Let g be ((-3)/12 + 6/8)*-2. Let h(n) = -9*n**3 + n**2 - 2*n - 1. Suppose -2 - 82 = -4*a. What is the remainder when a is divided by h(g)?
10
Let u(c) = -10*c**2 + 2*c - 4. Suppose 2*h + 18 = 6. Let x be u(h). Calculate the remainder when x/(-5) + (-2)/10 is divided by 19.
18
Let c(g) = 5*g + 9. Let d be c(-1). Suppose -4*h + 2*v + 132 = 0, -d*h + 9 = -3*v - 127. Calculate the remainder when 122 is divided by h.
29
Let k(l) = 2*l**2 + 4. Suppose 2*j = -o + 310, -2*o - 75 = -j + 70. What is the remainder when j is divided by k(3)?
21
Suppose 30*t - 264 = 8*t. What is the remainder when 114 is divided by t?
6
Let l = -491 + 498. Suppose q = 3 - 2. Calculate the remainder when l is divided by (-1)/q + -1 + 8.
1
Let h = -18985 + 19116. Let b(z) = -z**3 + 12*z**2 - 12*z - 7. What is the remainder when h is divided by b(10)?
58
Suppose 4*p - 2569 = -3*u, 3*p + 1287 = 5*p + u. Let z = -530 + p. What is the remainder when z is divided by 20?
16
Let l be (-1 - 6/(-4))*0 + 1032. Suppose -l = -35*r + 27*r. What is the remainder when r is divided by 12?
9
Suppose 0 = -15*p - 25*p + 3200. What is the remainder when 1198 is divided by p?
78
Let b = 26 - 24. Suppose 0 = 7*q - b*q - 185. Let p = 19 + -9. Calculate the remainder when q is divided by p.
7
What is the remainder when 426 is divided by 718/5 - 3*(-10)/75?
138
Let g(s) = 3*s**3 - 5*s**2 - 19*s - 64. Let n be g(-5). Let d = 493 + n. What is the remainder when 42 is divided by d?
18
Suppose 67 = -5*n + 7. Let u be (39 + n)*62/6. Calculate the remainder when ((-8)/(-24))/(3/u) is divided by 17.
14
Let c(o) = 5*o + 4. Let m(x) = 2*x**2 + 37*x - 474. What is the remainder when c(14) is divided by m(9)?
11
Let z = -747 + 789. Let w = 67 + -18. Let b = w - z. What is the remainder when 17 is divided by b?
3
What is the remainder when 6585 is divided by (120/(-6))/5 - -90 - (-2 + -1)?
88
Let m = -38 - -1607. Calculate the remainder when m is divided by 779.
11
Let g be (2*174)/((-2)/2 - -3). Suppose -z - 3*f + g = 0, -z + 3*f + 156 + 18 = 0. What is the remainder when z is divided by 25?
24
Let i(r) = -21*r + 10. Let l be 1 - (-2 - -1)*-9. Let u = 8665 - 8635. Calculate the remainder when i(l) is divided by u.
28
Let v = 70 - 35. Let z(c) = -7*c**2 + 466*c + 214. Calculate the remainder when v is divided by z(67).
9
Suppose 3*z = 27 + 12. What is the remainder when -23*(8 + 4669/(-529)) is divided by z?
6
What is the remainder when (-1 + -1)/((3/26038)/(96/(-128))) is divided by 155?
154
Let v = -43 - -63. Suppose v + 30 = 5*w. What is the remainder when -3 + 441/15 - (-6)/w is divided by 4?
3
Let x(v) = 13*v**2 - 18*v + 105. Let k be x(5). Let t = 365 - k. Calculate the remainder when t is divided by -1*-1*1*13.
12
Suppose 2*a - 4*n - 1 = 25, -3*n - 32 = -4*a. Suppose 2*g + 17 = 5*x + g, 0 = -4*x - a*g + 31. What is the remainder when x is divided by 9/6*(-40)/(-15)?
0
Let j(b) be the third derivative of 11*b**4/24 + b**3/3 - 7*b**2. Let p(n) = 3*n**3 - 1. Let h be p(1). What is the remainder when 70 is divided by j(h)?
22
Suppose -25*m + 102*m + 462 = 0. Let c(i) = i**3 + 6*i**2 + 6*i + 1. Let a be c(-5). Calculate the remainder when 14/4*a*m/4 is divided by 5.
1
What is the remainder when 4*2 - (-8928)/96 is divided by 59?
42
Let z(w) be the third derivative of -w**4/24 + 7*w**3/2 + 11*w**2 - 1. Calculate the remainder when 109 is divided by z(11).
9
Let c be (-8)/(-12)*(-2 + 1 - -10). What is the remainder when 37 is divided by 15 - (c + 7 + -6)?
5
Calculate the remainder when 12378 is divided by (-41 + 37)/((-2)/(-151))*5/(-5).
298
Let g = 127 - 78. Let b = -47 + g. Suppose 4*x - 268 = -4*q, 2*q - 6*q - b*x = -276. What is the remainder when q is divided by 20?
11
Let y = 30 - 18. Let n(i) = 3*i**2 + 12*i + 3. Let q be n(-4). Suppose -q*v = -4*l + 180, l + v = 6*l - 225. Calculate the remainder when l is divided by y.
9
What is the remainder when 36/6*(-26259)/6*-1 is divided by 20?
19
Calculate the remainder when 1423 is divided by 235 + (-18)/72*-4.
7
Let b(m) = 61*m**3 - 2*m**2 + 2*m - 1. Suppose 8*y + 0*y = 224. What is the remainder when b(1) is divided by y?
4
Let l(f) = 490*f + 4489. Let v be ((-18)/(-15))/(6/135). Suppose -29 - v = -2*o. Calculate the remainder when l(-9) is divided by o.
23
Let u = -76 - -78. Calculate the remainder when (133/(-14))/(u - (-68)/(-32)) is divided by 21.
13
What is the remainder when (9 - -29) + -7 + -11 is divided by 14?
6
Let t(q) = -24*q + 106. Let d be t(17). Let b = d + 345. What is the remainder when b is divided by 12?
7
Suppose -3*a - 46 = -i, 4*a = -2*i + 45 - 23. Calculate the remainder when 404 is divided by i.
4
Suppose 0 = -114*o - 48*o + 3078. Let g(d) = 11 + 0*d**2 + 6*d**2 - 1 - 7*d + d**3. Calculate the remainder when o is divided by g(-7).
9
Suppose -116 = 5*h + 1409. Let m = -270 - h. Calculate the remainder when m is divided by 6.
5
Suppose -28*h + 25*h = -738. Suppose 17*p - h = 638. Let t = -4 - -7. What is the remainder when p is divided by t?
1
Calculate the remainder when (152 - -1763)/((-10)/(-4)) is divided by 59.
58
Suppose 5 = -2*y + 1. Let n be (27*(-10)/15)/y. Let a(z) = z**3 - 10*z**2 + 15*z + 7. Calculate the remainder when a(n) is divided by 9.
7
Suppose -4*l + 2*k + 31 + 41 = 0, -3*k - 72 = -4*l. Let y = 26 - l. Suppose -3*t = -y*t + 15, -18 = -3*r + t. What is the remainder when 22 is divided by r?
1
Let w(c) be the second derivative of -c**5/20 + 2*c**4/3 + c**3/3 - 3*c**2 + 2*c. Calculate the remainder when w(8) is divided by (80/24)/((-6)/(-9)).
0
Suppose -57*t + 458 = -56*t - 2*p, -4*t = 5*p - 1780. What is the remainder when t is divided by -2 + 71 - (2 + 2)?
60
Suppose 2*r - 7 = 19. Suppose -r*n + 220 = -3*n. Let h = 7 + 6. What is the remainder when n is divided by h?
9
Let p = -546 + 650. What is the remainder when p is divided by 74?
30
Let i = -2909 - -4845. Suppose -2*q = -13*q + i. What is the remainder when q is divided by 60?
56
Suppose 0 = -22*d + 819 + 809. Calculate the remainder when 127 is divided by d.
53
Let x be 5/2 - 9/18. Suppose -3*i + 495 = 5*j + 2*i, 210 = x*j - 4*i. Let q = j + -91. Calculate the remainder when q is divided by 4.
2
Let o = 247 - 201. What is the remainder when 162 is divided by o?
24
Let d(y) = y**3 + 8*y**2 - 25*y - 5. What is the remainder when 2864 is divided by d(3)?
14
Let z(q) = -q**2 + 46*q - 502. What is the remainder when 664 is divided by z(24)?
14
Let d(m) be the first derivative of m**3/3 - m**2 + 2*m + 1. Let x = -1770 + 1772. Calculate the remainder when 5 is divided by d(x).
1
Let g be (10/20)/(1/4). Suppose -6 = -2*i + 4*s, g*s - 7 = 1. Calculate the remainder when 85 is divided by i.
8
Let y(p) = p**3 + 16*p**2 - 14*p + 25. Let s be y(-17). Let w = s + 34. What is the remainder when 11 is divided by w + 16/(-12)*3?
3
Let b = 63 - 52. Let f be (-9628)/(-44) - (8/b)/(-4). Suppose -2*n + 3*x + 31 + f = 0, -x - 389 = -3*n. What is the remainder when n is divided by 22?
21
Let n(g) = -2*g**3 + 27*g**2 - 13*g + 4. Calculate the remainder when n(8) is divided by 6.
4
Let i = -139 - -157. Suppose -6*v + i = -90. Calculate the remainder when 89 is divided by v.
17
Suppose -110 = -5*u + 2*p + 2*p, -2*u - 2*p + 62 = 0. Let c(w) = -217*w - 22. Let x be c(-2). Let k = x - 310. What is the remainder when k is divided by u?
24
Let h(n) = -n**3 + 19*n**2 + 55*n - 966. What is the remainder when 1811 is divided by h(19)?
73
Suppose 0 = -59*a + 58*a + 1452 + 181. Calculate the remainder when a is divided by 404.
17
Let p = 61 - 31. Suppose 0 = -3*a + 3*y + 9, -2*a + 3*y = -0*a - 7. Suppose -a*g = 2*j - 236, 98 + 19 = j + 2*g. What is the remainder when j is divided by p?
29
Let j(l) = l**2 + 27*l + 75. Let d be j(-24). Suppose d*q + 602 = 4*h, -h + 83 = -3*q - 72. What is the remainder when h is divided by 17?
13
Let o be -56*((-160)/(-4))/4. Suppose 0 = 2413*m - 2418*m + 740. What is the remainder when m is divided by ((-10)/(-8)